{"id":577,"date":"2022-02-23T13:03:21","date_gmt":"2022-02-23T13:03:21","guid":{"rendered":"https:\/\/www.vinciituoichiliditroppo.com\/index.php\/product\/hoodie-with-logo\/"},"modified":"2025-05-31T05:16:56","modified_gmt":"2025-05-31T05:16:56","slug":"clena9","status":"publish","type":"product","link":"https:\/\/www.vinciituoichiliditroppo.com\/index.php\/product\/clena9\/","title":{"rendered":"Programma Clean 9"},"content":{"rendered":"<p>Il programma di base per la pulizia del corpo.<\/p>\n<div class=\"product--description\">\n<p>Il Clean9 Touch \u00e8 parte dell\u2019omonimo programma nutrizionale di Forever. Costituisce la base del programma Forever F.I.T. e ti prepara in maniera ottimale ad una gestione del peso dal successo duraturo. Clean9 \u00e8 dis\u00adponibile in 2 varianti: art. 475 con Forever Ultra\u2122 Vanilla Shake Mix o art. 476 con Forever Ultra\u2122 Chocolate Shake Mix.<\/p>\n<p><strong>Contenuto:<\/strong><br \/>\n2 x art. 715\u00a0Forever Aloe Vera Gel\u2122<br \/>\n1 x art. 470 Forever Ultra\u2122 Vanilla Shake Mix<br \/>\nC9\u00a0Inner Pack:<br \/>\nForever Shape\u00ae (54 capsule)<br \/>\nForever Therm\u2122 (18 compresse)<br \/>\nForever Fiber\u2122 (9 bustine)<\/p>\n<\/div>\n","protected":false},"excerpt":{"rendered":"<p class=\"benefits--subtitle\">&#8220;Repower your Body! Il tuo aspetto fisico e il tuo benessere cambieranno in positivo e il tuo corpo inizier\u00e0 a depurarsi. In questo modo le sostanze nutritive verranno in modo assorbite ottimale. Ti sentirai pi\u00f9 leggero e pi\u00f9 forte. Imparerai a controllare la fame e percepirai i primi cambiamenti all\u2019interno del tuo corpo.&#8221;<\/p>\n<h3 class=\"benefits--subtitle\">SEGUIRE UNO STILE DI VITA SANO NON E\u2019 FACILE?<\/h3>\n<p class=\"benefits--text\">Concediti il piacere di sentirti pienamente a tuo agio nel tuo corpo. CLEAN9 \u00e8 il primo passo per cambiare abitudini e seguire una gestione del peso a lungo termine. Il processo di depurazione \u00e8 la base del programma Forever F.I.T. e ti prepara in modo ottimale a una quotidianit\u00e0 pi\u00f9 sana e un corpo pi\u00f9 snello. Il migliore programma fitness da fare a casa per la depurazione del corpo.<\/p>\n<h3 class=\"benefits--subtitle\">SEI PRONTO PER CLEAN9?<\/h3>\n<p class=\"benefits--text\">Tutti i prodotti del programma di base CLEAN9 sono inclusi nella confezione \u2013 noi lo chiamiamo Touch. Solo con la combinazione di tutti i prodotti, un cambiamento delle abitudini alimentari e un\u2019attivit\u00e0 fisica puoi ottenere i migliori risultati. All\u2019indirizzo http:\/\/www.tuedirwasgutes.com puoi informarti dettagliatamente sul programma fitness migliore per te. Inizia subito!<\/p>\n","protected":false},"featured_media":159,"comment_status":"open","ping_status":"closed","template":"","meta":{"_et_pb_use_builder":"","_et_pb_old_content":"","_et_gb_content_width":""},"product_brand":[],"product_cat":[106],"product_tag":[108],"class_list":{"0":"post-577","1":"product","2":"type-product","3":"status-publish","4":"has-post-thumbnail","6":"product_cat-fit","7":"product_tag-clean-9","9":"first","10":"instock","11":"taxable","12":"shipping-taxable","13":"purchasable","14":"product-type-variable","15":"has-default-attributes"},"yoast_head":"<!-- This site is optimized with the Yoast SEO plugin v27.5 - https:\/\/yoast.com\/product\/yoast-seo-wordpress\/ -->\n<title>Programma Clean 9 - Vinci i tuoi chili di troppo<\/title>\n<meta name=\"description\" content=\"Il Clean9 Touch \u00e8 parte dell\u2019omonimo programma nutrizionale di Forever. Costituisce la base del programma Forever F.I.T.\" \/>\n<meta name=\"robots\" content=\"index, follow, max-snippet:-1, max-image-preview:large, max-video-preview:-1\" \/>\n<link rel=\"canonical\" href=\"https:\/\/www.vinciituoichiliditroppo.com\/index.php\/product\/clena9\/\" \/>\n<meta property=\"og:locale\" content=\"en_US\" \/>\n<meta property=\"og:type\" content=\"article\" \/>\n<meta property=\"og:title\" content=\"Programma Clean 9 - Vinci i tuoi chili di troppo\" \/>\n<meta property=\"og:description\" content=\"Il Clean9 Touch \u00e8 parte dell\u2019omonimo programma nutrizionale di Forever. Costituisce la base del programma Forever F.I.T.\" \/>\n<meta property=\"og:url\" content=\"https:\/\/www.vinciituoichiliditroppo.com\/index.php\/product\/clena9\/\" \/>\n<meta property=\"og:site_name\" content=\"Vinci i tuoi chili di troppo\" \/>\n<meta property=\"article:modified_time\" content=\"2025-05-31T05:16:56+00:00\" \/>\n<meta property=\"og:image\" content=\"https:\/\/www.vinciituoichiliditroppo.com\/wp-content\/uploads\/2021\/06\/c9.jpg\" \/>\n\t<meta property=\"og:image:width\" content=\"1000\" \/>\n\t<meta property=\"og:image:height\" content=\"1000\" \/>\n\t<meta property=\"og:image:type\" content=\"image\/jpeg\" \/>\n<meta name=\"twitter:card\" content=\"summary_large_image\" \/>\n<script type=\"application\/ld+json\" class=\"yoast-schema-graph\">{\"@context\":\"https:\\\/\\\/schema.org\",\"@graph\":[{\"@type\":\"WebPage\",\"@id\":\"https:\\\/\\\/www.vinciituoichiliditroppo.com\\\/index.php\\\/product\\\/clena9\\\/\",\"url\":\"https:\\\/\\\/www.vinciituoichiliditroppo.com\\\/index.php\\\/product\\\/clena9\\\/\",\"name\":\"Programma Clean 9 - Vinci i tuoi chili di troppo\",\"isPartOf\":{\"@id\":\"https:\\\/\\\/www.vinciituoichiliditroppo.com\\\/#website\"},\"primaryImageOfPage\":{\"@id\":\"https:\\\/\\\/www.vinciituoichiliditroppo.com\\\/index.php\\\/product\\\/clena9\\\/#primaryimage\"},\"image\":{\"@id\":\"https:\\\/\\\/www.vinciituoichiliditroppo.com\\\/index.php\\\/product\\\/clena9\\\/#primaryimage\"},\"thumbnailUrl\":\"https:\\\/\\\/i0.wp.com\\\/www.vinciituoichiliditroppo.com\\\/wp-content\\\/uploads\\\/2021\\\/06\\\/c9.jpg?fit=1000%2C1000&ssl=1\",\"datePublished\":\"2022-02-23T13:03:21+00:00\",\"dateModified\":\"2025-05-31T05:16:56+00:00\",\"description\":\"Il Clean9 Touch \u00e8 parte dell\u2019omonimo programma nutrizionale di Forever. Costituisce la base del programma Forever F.I.T.\",\"breadcrumb\":{\"@id\":\"https:\\\/\\\/www.vinciituoichiliditroppo.com\\\/index.php\\\/product\\\/clena9\\\/#breadcrumb\"},\"inLanguage\":\"en-US\",\"potentialAction\":[{\"@type\":\"ReadAction\",\"target\":[\"https:\\\/\\\/www.vinciituoichiliditroppo.com\\\/index.php\\\/product\\\/clena9\\\/\"]}]},{\"@type\":\"ImageObject\",\"inLanguage\":\"en-US\",\"@id\":\"https:\\\/\\\/www.vinciituoichiliditroppo.com\\\/index.php\\\/product\\\/clena9\\\/#primaryimage\",\"url\":\"https:\\\/\\\/i0.wp.com\\\/www.vinciituoichiliditroppo.com\\\/wp-content\\\/uploads\\\/2021\\\/06\\\/c9.jpg?fit=1000%2C1000&ssl=1\",\"contentUrl\":\"https:\\\/\\\/i0.wp.com\\\/www.vinciituoichiliditroppo.com\\\/wp-content\\\/uploads\\\/2021\\\/06\\\/c9.jpg?fit=1000%2C1000&ssl=1\",\"width\":1000,\"height\":1000,\"caption\":\"dimagrire in modo sano\"},{\"@type\":\"BreadcrumbList\",\"@id\":\"https:\\\/\\\/www.vinciituoichiliditroppo.com\\\/index.php\\\/product\\\/clena9\\\/#breadcrumb\",\"itemListElement\":[{\"@type\":\"ListItem\",\"position\":1,\"name\":\"Home\",\"item\":\"https:\\\/\\\/www.vinciituoichiliditroppo.com\\\/\"},{\"@type\":\"ListItem\",\"position\":2,\"name\":\"Shop\",\"item\":\"https:\\\/\\\/www.vinciituoichiliditroppo.com\\\/index.php\\\/shop\\\/\"},{\"@type\":\"ListItem\",\"position\":3,\"name\":\"Programma Clean 9\"}]},{\"@type\":\"WebSite\",\"@id\":\"https:\\\/\\\/www.vinciituoichiliditroppo.com\\\/#website\",\"url\":\"https:\\\/\\\/www.vinciituoichiliditroppo.com\\\/\",\"name\":\"Vinci i tuoi chili di troppo\",\"description\":\"Acquista C9 Forever con assistenza\",\"potentialAction\":[{\"@type\":\"SearchAction\",\"target\":{\"@type\":\"EntryPoint\",\"urlTemplate\":\"https:\\\/\\\/www.vinciituoichiliditroppo.com\\\/?s={search_term_string}\"},\"query-input\":{\"@type\":\"PropertyValueSpecification\",\"valueRequired\":true,\"valueName\":\"search_term_string\"}}],\"inLanguage\":\"en-US\"}]}<\/script>\n<!-- \/ Yoast SEO plugin. -->","yoast_head_json":{"title":"Programma Clean 9 - Vinci i tuoi chili di troppo","description":"Il Clean9 Touch \u00e8 parte dell\u2019omonimo programma nutrizionale di Forever. Costituisce la base del programma Forever F.I.T.","robots":{"index":"index","follow":"follow","max-snippet":"max-snippet:-1","max-image-preview":"max-image-preview:large","max-video-preview":"max-video-preview:-1"},"canonical":"https:\/\/www.vinciituoichiliditroppo.com\/index.php\/product\/clena9\/","og_locale":"en_US","og_type":"article","og_title":"Programma Clean 9 - Vinci i tuoi chili di troppo","og_description":"Il Clean9 Touch \u00e8 parte dell\u2019omonimo programma nutrizionale di Forever. Costituisce la base del programma Forever F.I.T.","og_url":"https:\/\/www.vinciituoichiliditroppo.com\/index.php\/product\/clena9\/","og_site_name":"Vinci i tuoi chili di troppo","article_modified_time":"2025-05-31T05:16:56+00:00","og_image":[{"width":1000,"height":1000,"url":"https:\/\/www.vinciituoichiliditroppo.com\/wp-content\/uploads\/2021\/06\/c9.jpg","type":"image\/jpeg"}],"twitter_card":"summary_large_image","schema":{"@context":"https:\/\/schema.org","@graph":[{"@type":"WebPage","@id":"https:\/\/www.vinciituoichiliditroppo.com\/index.php\/product\/clena9\/","url":"https:\/\/www.vinciituoichiliditroppo.com\/index.php\/product\/clena9\/","name":"Programma Clean 9 - Vinci i tuoi chili di troppo","isPartOf":{"@id":"https:\/\/www.vinciituoichiliditroppo.com\/#website"},"primaryImageOfPage":{"@id":"https:\/\/www.vinciituoichiliditroppo.com\/index.php\/product\/clena9\/#primaryimage"},"image":{"@id":"https:\/\/www.vinciituoichiliditroppo.com\/index.php\/product\/clena9\/#primaryimage"},"thumbnailUrl":"https:\/\/i0.wp.com\/www.vinciituoichiliditroppo.com\/wp-content\/uploads\/2021\/06\/c9.jpg?fit=1000%2C1000&ssl=1","datePublished":"2022-02-23T13:03:21+00:00","dateModified":"2025-05-31T05:16:56+00:00","description":"Il Clean9 Touch \u00e8 parte dell\u2019omonimo programma nutrizionale di Forever. Costituisce la base del programma Forever F.I.T.","breadcrumb":{"@id":"https:\/\/www.vinciituoichiliditroppo.com\/index.php\/product\/clena9\/#breadcrumb"},"inLanguage":"en-US","potentialAction":[{"@type":"ReadAction","target":["https:\/\/www.vinciituoichiliditroppo.com\/index.php\/product\/clena9\/"]}]},{"@type":"ImageObject","inLanguage":"en-US","@id":"https:\/\/www.vinciituoichiliditroppo.com\/index.php\/product\/clena9\/#primaryimage","url":"https:\/\/i0.wp.com\/www.vinciituoichiliditroppo.com\/wp-content\/uploads\/2021\/06\/c9.jpg?fit=1000%2C1000&ssl=1","contentUrl":"https:\/\/i0.wp.com\/www.vinciituoichiliditroppo.com\/wp-content\/uploads\/2021\/06\/c9.jpg?fit=1000%2C1000&ssl=1","width":1000,"height":1000,"caption":"dimagrire in modo sano"},{"@type":"BreadcrumbList","@id":"https:\/\/www.vinciituoichiliditroppo.com\/index.php\/product\/clena9\/#breadcrumb","itemListElement":[{"@type":"ListItem","position":1,"name":"Home","item":"https:\/\/www.vinciituoichiliditroppo.com\/"},{"@type":"ListItem","position":2,"name":"Shop","item":"https:\/\/www.vinciituoichiliditroppo.com\/index.php\/shop\/"},{"@type":"ListItem","position":3,"name":"Programma Clean 9"}]},{"@type":"WebSite","@id":"https:\/\/www.vinciituoichiliditroppo.com\/#website","url":"https:\/\/www.vinciituoichiliditroppo.com\/","name":"Vinci i tuoi chili di troppo","description":"Acquista C9 Forever con assistenza","potentialAction":[{"@type":"SearchAction","target":{"@type":"EntryPoint","urlTemplate":"https:\/\/www.vinciituoichiliditroppo.com\/?s={search_term_string}"},"query-input":{"@type":"PropertyValueSpecification","valueRequired":true,"valueName":"search_term_string"}}],"inLanguage":"en-US"}]}},"jetpack_sharing_enabled":true,"_links":{"self":[{"href":"https:\/\/www.vinciituoichiliditroppo.com\/index.php\/wp-json\/wp\/v2\/product\/577","targetHints":{"allow":["GET"]}}],"collection":[{"href":"https:\/\/www.vinciituoichiliditroppo.com\/index.php\/wp-json\/wp\/v2\/product"}],"about":[{"href":"https:\/\/www.vinciituoichiliditroppo.com\/index.php\/wp-json\/wp\/v2\/types\/product"}],"replies":[{"embeddable":true,"href":"https:\/\/www.vinciituoichiliditroppo.com\/index.php\/wp-json\/wp\/v2\/comments?post=577"}],"wp:featuredmedia":[{"embeddable":true,"href":"https:\/\/www.vinciituoichiliditroppo.com\/index.php\/wp-json\/wp\/v2\/media\/159"}],"wp:attachment":[{"href":"https:\/\/www.vinciituoichiliditroppo.com\/index.php\/wp-json\/wp\/v2\/media?parent=577"}],"wp:term":[{"taxonomy":"product_brand","embeddable":true,"href":"https:\/\/www.vinciituoichiliditroppo.com\/index.php\/wp-json\/wp\/v2\/product_brand?post=577"},{"taxonomy":"product_cat","embeddable":true,"href":"https:\/\/www.vinciituoichiliditroppo.com\/index.php\/wp-json\/wp\/v2\/product_cat?post=577"},{"taxonomy":"product_tag","embeddable":true,"href":"https:\/\/www.vinciituoichiliditroppo.com\/index.php\/wp-json\/wp\/v2\/product_tag?post=577"}],"curies":[{"name":"wp","href":"https:\/\/api.w.org\/{rel}","templated":true}]}}